w - 10 + 22. Let d(f) = -12*f - 40. Let j(i) = -3*d(i) - 7*m(i). Let a = 6 - -4. Give j(a).
-3
Let k(h) = -h**3 - 12*h**2 + 3. Let y be -4*(4 - (4455/(-12))/(-9)). Let v = -161 + y. Calculate k(v).
3
Let n(a) be the first derivative of a**2/2 + 20*a + 4332. Give n(27).
47
Let w(u) = -u**2 + 3*u - 44. Let f be (-36 + 33)/1 + 3/1*1. Determine w(f).
-44
Let x(p) be the first derivative of p**2/2 - 30*p + 4081. What is x(-6)?
-36
Let q(f) = -2*f**3 + 59*f**2 + 89*f + 31. Let z(p) = -p**3 + 30*p**2 + 2*p + 1. Let t(r) = q(r) - 3*z(r). Give t(28).
0
Let b(m) = 71*m - 1. Let t be (((-95)/76)/5)/(2/8). Determine b(t).
-72
Let u(a) = -13*a**3 + 10*a**2 - a + 3. Let l(d) = 37*d**3 - 29*d**2 + 4*d - 10. Let r(y) = 6*l(y) + 17*u(y). What is r(4)?
19
Let g(k) = k**2 + k - 5. Let s be (1 - -1)*-1 + (15 - 14). Let z(m) = -m. Let d(t) = s*g(t) - 5*z(t). What is d(4)?
5
Let k(z) be the second derivative of z**5/20 + z**3/3 - 10*z**2 + 2*z - 235. Give k(0).
-20
Let g(p) = -p**2 - 4*p. Let d(f) be the second derivative of -f**4/3 - 19*f**3/6 - 8*f**2 - 3*f - 5. Let y be d(-4). Calculate g(y).
0
Let z(v) = -3*v**2 + 5*v - 3. Let x(h) = -h**2 - 2. Suppose 4*l + 17 = 3*p, -5*l = 2*p + 29 - 2. Let u(j) = p*z(j) + x(j). Determine u(3).
4
Let j(z) = -4*z + 15*z**3 + 16*z**3 - 32*z**3 - 2 + 7*z**2. Let k be ((-3)/4)/(4 + 66/(-16)). Give j(k).
10
Let y = -405 - -391. Let t be (0 + -18)*(y/6 - -2). Let s(l) = 6*l**2 - 5*l - 1. Let p(g) = g**2. Let w(b) = -5*p(b) + s(b). Determine w(t).
5
Let c = 0 + 76. Let r be (-101 - -104)/(((-90)/20)/(1 - 4)). Let h(g) = 4*g - 67 + 150 - r*g - c. Calculate h(-5).
-3
Let h be 1/((-1)/5 + (-1614)/(-195) - 8). Let c(s) = 9*s - 120. What is c(h)?
-3
Let m(w) = w**3 - 15*w**2 + 8*w + 1. Let f(h) = -h**3 + 13*h**2 - 9*h. Let j(x) = 3*f(x) + 2*m(x). What is j(6)?
44
Let p(q) be the third derivative of 7*q**4/8 + 82*q**3/3 - 1198*q**2. What is p(-8)?
-4
Let j(b) = -b**2 + 2*b - 1. Let s(f) = -6*f**2 - 5*f - 25. Let t(u) = -4*j(u) + s(u). Give t(-5).
-6
Let b be (-4)/14 - (-24)/(-14). Let z be ((-6)/9 + -1)/((-85)/102). Let g(d) = 5*d**z - 105*d + 32*d + 33*d + 40*d - 1. Determine g(b).
19
Suppose -5*n = -76 + 66. Let r(w) = 2*w - 5*w + n*w + 6*w - 6*w. Give r(2).
-2
Let d(v) = 6*v**3 + 5*v**2 + 4*v + 17. Let p(g) = -2*g**3 - 3*g**2 - 2*g - 7. Let l(c) = 2*d(c) + 5*p(c). Give l(4).
39
Let h(s) = -2*s**2 + 26*s - 67. Let l be h(9). Let t(n) = n - 14. Let m be t(19). Let i(g) = 5 + 10*g**2 - m*g - 5*g**2 - g**3 + 3*g. Determine i(l).
-5
Let x be 164/(-123) - (-68)/6. Let o(a) = -a**2 + 14*a + 49. Give o(x).
89
Let l(p) = 1543*p - 6172. Let k be l(4). Let f(b) = -b - 23. Give f(k).
-23
Suppose 5*s + 12 = 3*s. Let q(f) = f**2 + 8*f. Let v be q(s). Let w(i) = i**3 + 11*i**2 - 13*i - 7. Calculate w(v).
5
Let z(u) = -u**3 + 4*u**2 - 5*u - 1. Let g(y) = y**3 - 15*y**2 + 54*y + 15. Let w be g(7). Let i be 12*(0 - w)/(11 - 14). Determine z(i).
-21
Let i(n) = -3*n + 32. Let a(p) = -4*p + 29. Let r(v) = 5*a(v) - 4*i(v). Determine r(-4).
49
Let r(k) = -134*k - 2282. Let g be r(-17). Let h(s) = 3*s + 2. Let y(d) = -4*d - 3. Let j be 17/(-4) + (-2)/(-8). Let f(q) = j*y(q) - 6*h(q). What is f(g)?
8
Let v = -2216 + 2212. Let f(t) = -t**3 - t - 3*t**2 + 6*t + 5 + t. Determine f(v).
-3
Suppose 3*k + 3*n - 27 = 0, n = 1 - 6. Let y be 35/k*(-12)/(-5). Let f(o) = -o**3 + 5*o**2 + 5*o + 1. Give f(y).
-5
Let j(r) be the first derivative of -r**6/360 - r**5/60 + 7*r**4/24 + 77*r**3/3 + 16. Let u(s) be the third derivative of j(s). What is u(-5)?
-8
Let c be (96/(-960) + 98/20 - 5)*-35. Let a(p) = -3 - 7 - 6*p + 4*p**2 - 3*p**2. Determine a(c).
-3
Let k(x) be the third derivative of x**5/60 - x**4/4 - x**3/3 + 8*x**2 + 10*x. Suppose 0 = c - 4*o + 6, 0 = -4*c + o - 2*o + 27. Determine k(c).
-2
Let n(v) be the first derivative of -v**4/4 - 2*v**3 - 3*v**2/2 - 3*v - 985. What is n(-5)?
-13
Let r = 3306 + -3302. Let l(g) be the second derivative of -1/6*g**r + 3*g - 1/3*g**3 + 0 - 1/2*g**2. Calculate l(-2).
-5
Let t(b) = -b**3 + 10*b**2 + 7*b - 31. Suppose 0 = 2*h + 10, -4*h = -5*v + 26 + 44. Determine t(v).
39
Let m be (6/(-4))/((-5)/20). Let c be m/18 - 24/(-9). Let a(j) = -j + 4. Give a(c).
1
Let p(b) = -3 - 3 + 3*b - 2*b. Let j be -4 + (320 + 0)/10. Suppose 20*g = 16*g + 4*c + j, -5*g - 3*c + 43 = 0. Determine p(g).
2
Let i(c) = -c**3 + 5*c**2 - 8*c. Let a be 5 + -2*(-8)/(-16). Calculate i(a).
-16
Let d = -2196 - -2207. Let y(i) = 0*i**3 + 3*i**3 - 21 - 10*i**2 - 2*i**3 - 9*i. Let z be y(d). Let j(l) = -6*l**2. What is j(z)?
-6
Suppose 33 = u + c + 34, 3*c + 11 = u. Let v(f) = -f**3 + 43*f - 45*f + 6*f**2 + 5*f**2 - 3*f**u - 5. Calculate v(8).
-21
Let m = -4751 - -4771. Let s(h) = h**3 - 21*h**2 + 23*h - 14. Give s(m).
46
Let h(r) = 2*r**3 + 7*r**2 - 4*r + 3. Suppose -107 = 50*w - 13*w + 41. Give h(w).
3
Let b(f) be the first derivative of -f**4/4 - 20*f**3/3 - 19*f**2/2 + f + 52. Determine b(-19).
1
Let s(u) be the third derivative of -u**6/120 + u**5/15 + u**4/3 - 2*u**3/3 + 3*u**2 + 57. Let h(n) = 1 + 6*n - 3*n + n - 3*n. Let w be h(4). What is s(w)?
11
Let t(j) = 4*j**2 + 2*j + 17. Let h(x) = -9*x**2 - 3*x - 38. Let n(v) = 10*v - 57. Let i be n(6). Let l(k) = i*h(k) + 7*t(k). Give l(-4).
1
Let r(d) = 2995*d - 2984*d - 6*d**2 - 4*d**2 + d**3 - 19. Calculate r(9).
-1
Let l(c) = 3 - 14*c - 7*c - 13*c + 21*c + 11. Calculate l(2).
-12
Let j(p) be the second derivative of 5/6*p**3 + 0 - 1/12*p**4 - 183*p + 0*p**2. What is j(5)?
0
Let x(i) = -i**3 - 3*i**2 + 3*i - 3. Let f(o) = -4*o**2. Let k be f(1). Let y be x(k). Let c(u) = -4*u**3 - 983681 + 8*u + 983680 - 6*u. Determine c(y).
-3
Let b(q) = -4*q**2 + 51*q - 174. Let w be b(7). Let i(u) = u**3 + 12*u**2 - 16*u - 39. What is i(w)?
0
Let m be ((-12)/(-15))/(3/(-15)). Let l(s) = -5*s - 15. Calculate l(m).
5
Let t(u) = -90*u**2 + 3*u - 3. Suppose -304*f - 41 = -345*f. Determine t(f).
-90
Suppose -1660*a - 10 = -1659*a. Let y(z) = -6*z - 72. Determine y(a).
-12
Let x(p) = 4*p**2 + 25*p - 28. Let d be x(9). Let v = -518 + d. Let y(s) = -8*s + 20. Calculate y(v).
-4
Let k(y) = y - 12. Suppose 86 = 18*l - 4. Let v be ((-4)/3)/((-2)/3). Let j be (9/l)/(v/10). Calculate k(j).
-3
Let x(f) = 14256*f + 41 - 28479*f + 14237*f. What is x(7)?
139
Let m = -45 + 50. Let s(l) be the third derivative of 0 - 2/3*l**3 + 1/12*l**4 - 17*l**2 + 0*l. Calculate s(m).
6
Let g be (2/6)/((-4)/(-24)). Let h(f) = 11*f + 19*f + 0*f - 25*f - 2. Calculate h(g).
8
Let u(z) be the second derivative of -1/6*z**4 + 0 + 28*z + 0*z**3 + 2*z**2. Calculate u(-3).
-14
Let d(o) = 19*o**3 - 9*o**3 + 8*o**3 + 1. Let w(k) = -58*k - 3945. Let t be w(-68). Determine d(t).
-17
Let i(j) = 14*j + 1. Suppose 0*x = 3*u - 3*x, -10 = -3*u + x. Suppose 0 = 5*n - s - 163, 13 = u*n + 3*s - 158. Let c = n - 34. Calculate i(c).
-13
Let x be (-3)/(((-3)/4)/1). Let z(g) = 474654*g**3 - 474655*g**3 + 5*g + 1 + 4*g**2 - 4*g. Determine z(x).
5
Let a be 4/((-4)/(-28) + 0). Let q = -23 + a. Suppose -2*d - 17 = -q*f + 3, 0 = -f + 5*d + 27. Let r(x) = x**3 - 3*x**2 - x. Calculate r(f).
-6
Let l(t) be the second derivative of t**3/6 - 19*t. Suppose -g + 124 = g. Let q = 66 - g. Give l(q).
4
Let d(r) be the second derivative of -13*r**3/6 + 89*r**2/2 - 13*r + 4. Let y be d(7). Let q(i) = -5*i - 6. Give q(y).
4
Suppose -3*y + 25 = 2*y. Let j(n) be the second derivative of n**5/20 - n**4/2 + 2*n**3/3 + 7*n**2/2 - 13*n - 11. Determine j(y).
2
Let b(k) = 13*k + 4. Let z be 1/((-6)/4)*33/22. Let d be b(z). Let c(t) = -t - 20. Calculate c(d).
-11
Let w(d) = -3*d + 1. Let t(x) = -3*x + 2. Let n(k) = -5*t(k) + 6*w(k). Let s(r) = -6*r - 251. Let f be s(-41). Give n(f).
11
Let g be ((-30)/(-12))/(4/(-352)). Let i = -213 - g. Let l(z) = z**2 - 6*z - 7. What is l(i)?
0
Let q = 11 - 12. Let c(h) be the third derivative of h**4/6 - h**3/2 + 3*h**2 + 2. Let g be c(q). Let m(b) = -b + 1. Calculate m(g).
8
Suppose f - 1642 = -3*j, -j = -2*f + 7*f - 552. Let a(c) be the first derivative of -564 - c**2 + 2*c**2 + j + 9*c. What is a(-8)?
-7
Let m(c) = -c**3 + 7*c**2 + c. Let p = -331 - -481. Suppose -30*g + 60 + p = 0. Determine m(g).
7
Let u(d) be the first derivative of d**4/4 - 28*d**3/3 + 25*d**2/2 + 42*d - 3060. Give u(27).
-12
Suppose 5*u + 30 = k, -5*k + 24 = -4*u - 0*u. Let x(r) = 4*r**2 + 6*r + 